 prime number?
False
Is 1338029279 prime?
True
Is 1149622969 composite?
True
Is 182589419 composite?
False
Is 9636414239 composite?
True
Is 23972915669 prime?
True
Is 161947319 a prime number?
True
Is 1414245113 a prime number?
False
Is 293889683 a prime number?
False
Is 17287360229 a composite number?
False
Is 145341769357 a composite number?
True
Is 37559124803 a composite number?
False
Is 56555597477 prime?
False
Is 8113873613 composite?
False
Is 4931295403 composite?
True
Is 5065697591 prime?
True
Is 1889354603 a composite number?
False
Is 3492596941 a prime number?
True
Is 131019793 prime?
True
Is 6394239607 a composite number?
True
Is 4642515433 prime?
False
Is 5383041773 prime?
True
Is 15573617 composite?
False
Is 755744687 prime?
True
Is 4875629909 prime?
True
Is 17288908597 a prime number?
True
Is 602842453 composite?
True
Is 1986596197 composite?
True
Is 39422568799 a prime number?
False
Is 7081375661 a prime number?
True
Is 25550053 prime?
False
Is 216763643 composite?
True
Is 3399628427 a composite number?
True
Is 1047318521 composite?
True
Is 40244648579 a prime number?
True
Is 274351211 prime?
False
Is 619922257 a prime number?
False
Is 6133265293 composite?
True
Is 156807851405 a prime number?
False
Is 13641146357 a composite number?
False
Is 1822041109 a prime number?
False
Is 1556815433 prime?
True
Is 62452483 composite?
True
Is 616181759 a prime number?
True
Is 747322139 a prime number?
True
Is 20369654533 a prime number?
True
Is 7352697503 a prime number?
True
Is 217054973 a composite number?
False
Is 57342749573 prime?
False
Is 2498156189 prime?
False
Is 5658739071 prime?
False
Is 5178465337 a prime number?
True
Is 24486704549 composite?
False
Is 54113939 a prime number?
False
Is 4390988009 prime?
True
Is 14469384535 composite?
True
Is 110831899 composite?
True
Is 32089495673 a prime number?
False
Is 25656872819 composite?
False
Is 8962899389 composite?
True
Is 1381320169 prime?
True
Is 15151712977 composite?
True
Is 2903428091 prime?
True
Is 109014081023 a composite number?
False
Is 117962681 composite?
True
Is 41837040529 a composite number?
False
Is 5619952315 composite?
True
Is 3349217207 a composite number?
True
Is 60309653 composite?
True
Is 16415303699 composite?
False
Is 8048136121 prime?
True
Is 199123937 prime?
True
Is 2716817407 a composite number?
False
Is 760905133 composite?
True
Is 619441997 a composite number?
False
Is 2580783773 composite?
False
Is 279743059 a prime number?
True
Is 1555126723 prime?
True
Is 14228801 a composite number?
False
Is 134597576909 composite?
False
Is 16530269461 prime?
False
Is 3518586781 composite?
True
Is 428905761167 prime?
False
Is 250393079 a composite number?
True
Is 9201446645 prime?
False
Is 217314569289 a composite number?
True
Is 1797916687 a prime number?
False
Is 25315190057 prime?
True
Is 85135058297 a composite number?
False
Is 24270179963 prime?
True
Is 32288395981 a composite number?
False
Is 87647404873 prime?
False
Is 1054741447 prime?
True
Is 338522237 prime?
False
Is 161955569 a composite number?
True
Is 21718098229 composite?
True
Is 2189617987 a prime number?
True
Is 5418776555 a prime number?
False
Is 20618525471 a composite number?
False
Is 912166049 a composite number?
False
Is 3093262741 a composite number?
False
Is 605614501 composite?
True
Is 4997587027 prime?
True
Is 307637983 composite?
True
Is 13151346703 a prime number?
False
Is 339001987 composite?
True
Is 14236324133 prime?
True
Is 66797201 prime?
True
Is 320127473 a prime number?
False
Is 2718853783 prime?
True
Is 38665395311 prime?
True
Is 3558913697 composite?
True
Is 3169822001 composite?
False
Is 172127497 a prime number?
False
Is 1047302371 prime?
False
Is 19433427553 a composite number?
False
Is 9357711691 a composite number?
False
Is 400681337 prime?
False
Is 16646174803 prime?
True
Is 143263999 prime?
False
Is 181625513 a prime number?
True
Is 3257650397 a composite number?
False
Is 12223207979 a prime number?
True
Is 4024764881 composite?
False
Is 41044757629 prime?
False
Is 12241226689 composite?
False
Is 169514278979 composite?
False
Is 279902159 composite?
True
Is 311771659 composite?
False
Is 391209541 composite?
True
Is 2201327071 prime?
False
Is 27600206941 prime?
False
Is 19760612369 prime?
False
Is 37475102213 prime?
True
Is 18548986231 a prime number?
True
Is 24435489499 composite?
False
Is 16952690389 a composite number?
False
Is 6199778581 composite?
False
Is 9533635743 composite?
True
Is 45961620545 a composite number?
True
Is 3274287293 prime?
False
Is 392756669 composite?
True
Is 10590842209 prime?
True
Is 1305236303 a composite number?
True
Is 4471355189 composite?
True
Is 1022553829 a prime number?
False
Is 32477505199 a composite number?
False
Is 333773765077 a composite number?
True
Is 3510953461 composite?
False
Is 1205392673 composite?
False
Is 4736025871 composite?
False
Is 43067941949 prime?
True
Is 88017234659 a composite number?
True
Is 11726559931 prime?
False
Is 2423595079 a prime number?
True
Is 330410213 a prime number?
False
Is 11761283479 a prime number?
False
Is 43569004303 prime?
False
Is 2784747211 a prime number?
False
Is 824477081 composite?
True
Is 268227074 composite?
True
Is 79732861343 a composite number?
True
Is 10328252786 prime?
False
Is 8633798801 a prime number?
True
Is 725016118 a composite number?
True
Is 2611330877 a prime number?
False
Is 21972893 a composite number?
True
Is 3256685123 a composite number?
True
Is 18542108581 a prime number?
True
Is 305299123 a composite number?
False
Is 36545600419 composite?
True
Is 42368203687 a composite number?
True
Is 124231982683 a composite number?
True
Is 450672181 prime?
True
Is 1090530271 a prime number?
False
Is 379389058 a composite number?
True
Is 16087411973 a composite number?
False
Is 2027915489 composite?
True
Is 4533881377 composite?
False
Is 2159061881 a composite number?
False
Is 152218887115 prime?
False
Is 6376844833 a composite number?
True
Is 7838819291 a composite number?
True
Is 20435546809 prime?
True
Is 839685433 composite?
True
Is 547060067 a composite number?
True
Is 36953281 prime?
True
Is 13393960249 a composite number?
True
Is 1502346959 composite?
True
Is 633530759 composite?
False
Is 116187551 prime?
True
Is 113943607 prime?
True
Is 83574569 a prime number?
False
Is 777899933 prime?
True
Is 47439426949 a composite number?
False
Is 21962848561 prime?
True
Is 547999 a prime number?
True
Is 3237487787 prime?
True
Is 8780731303 a prime number?
False
Is 6638653803 prime?
False
Is 47069349449 a composite number?
True
Is 12349911367 a prime number?
True
Is 70952941 a prime number?
True
Is 1123760353 a composite number?
True
Is 322197541 prime?
True
Is 12904954121 a prime number?
True
Is 901333247 a prime number?
True
Is 537882769 a composite number?
False
Is 11500323145 prime?
False
Is 392623006 a composite number?
True
Is 14746194781 prime?
False
Is 2447647031 a composite number?
True
Is 1325095609 a composite number?
False
Is 12000133051 prime?
False
Is 170445977 a composite number?
True
Is 689483329 a composite number?
False
Is 1445981989 a prime number?
False
Is 490638721 composite?
True
Is 25140629411 composite?
False
Is 66828972571 a composite number?
False
Is 2820033583 prime?
True
Is 929561 a composite number?
False
Is 86981039 prime?
False
Is 80960129 a prime number?
True
Is 1089664007 composite?
False
Is 866180047 a composite number?
False
Is 2618839631 a composite number?
True
Is 22086259649 a prime number?
True
Is 123124879459 composite?
False
Is 7386039397 a prime number?
False
Is 9530325869 prime?
True
Is 960226481 composite?
False
Is 1242399469 prime?
False
Is 7535121481 prime?
True
Is 124784918 composite?
True
Is 4209002177 a prime number?
True
Is 1787662847 prime?
True
Is 1978390081 prime?
False
Is 27847057579 a composite number?
True
Is 2536855291 prime?
False
Is 30981939571 a composite number?
True
Is 6893647867 prime?
False
Is 295284131 prime?
False
Is 73441181609 prime?
True
Is 30989472097 composite?
True
Is 9339099323 composite?
False
Is 1575106769 a prime number?
False
Is 5614110374 composite?
True
Is 748909741 composite?
False
Is 63199168979 a composite number?
False
Is 6532265921 composite?
True
Is 1633057217 prime?
False
Is 2899015153 composite?
Fal